re the prime factors of (-5)/(330/a) + (-1)/11?
3, 37
List the prime factors of 89/1513 - 78981/(-17).
2, 23, 101
Suppose -4*f + 3*w - w = -38, 27 = f - 4*w. Let l be ((-2)/(-2))/(f/(-1134)) - 0. Let y = 348 + l. What are the prime factors of y?
2, 3, 31
Suppose n = 2*t - 85, -4*t + 0*n = n - 167. Suppose t - 67 = -y. Suppose 2*m = -j + 138, 3*m + y - 164 = -j. List the prime factors of j.
2, 17
Suppose 54*z = 36*z. Let c(i) = 40*i + 1518. List the prime factors of c(z).
2, 3, 11, 23
Suppose 304 = -6*z - 2*z. Suppose -3*u + 441 = -87. Let k = z + u. List the prime factors of k.
2, 3, 23
Let f = -282 - -281. Let r(c) = -478*c**3 - 3*c - 2. What are the prime factors of r(f)?
479
Suppose -8 = -t + q, 3*t + 268*q - 16 = 273*q. What are the prime factors of t?
2, 3
What are the prime factors of (-14)/21*33*(-1 - (-1 + 290))?
2, 5, 11, 29
Let k = 124 - 120. Suppose 539 = 4*n - 5*q - 910, n + k*q = 357. Suppose -s - 91 = -n. What are the prime factors of s?
2, 3, 5
Suppose -5*t = -16 - 29. Suppose -4*x - 219 = -6*x - b, 3*b + t = 0. What are the prime factors of x?
3, 37
Let a(i) = 196*i + 8415. List the prime factors of a(21).
3, 4177
Let u(v) = v**3 + 2*v**2 + 12*v + 26. What are the prime factors of u(14)?
2, 3, 5, 37
Let i(t) = -5*t - 11. Let k be i(-13). Suppose -k*a + 5755 = -49*a. What are the prime factors of a?
1151
Let w(j) = j**3 + 3*j**2 + 5. Let l be w(-4). Let x(d) = 3 - 12*d + 11*d - 2*d. List the prime factors of x(l).
2, 3
Let s(h) = -1 + 132*h**3 + 2*h**2 - 114*h**3 + 132*h**3 + 198*h**3. What are the prime factors of s(1)?
349
Suppose 3*b - 68 = -4*d - 4, b + 4 = 0. Suppose 43*t - 11544 = d*t. What are the prime factors of t?
13, 37
Let q(j) = j**3 + 4*j**2 - 8*j - 12. Let h be q(-5). Let c(m) = -m**2 + 6*m - 12. Let t be c(h). What are the prime factors of 3/(-18)*t*320?
2, 5
Suppose -168 = -3*z - 2103. Let d = z - -971. List the prime factors of d.
2, 163
Let q = -2602 - -3716. List the prime factors of q.
2, 557
Suppose 8*m + 16426 - 65770 = 2*m. What are the prime factors of m?
2, 257
Let h = 4 + -21. Let z = h + 44. Suppose 0 = 3*u - 3*s - z, -3*u + 31 = -4*s. What are the prime factors of u?
5
Let r = 1346 - -1919. What are the prime factors of r?
5, 653
Let h(o) be the third derivative of o**6/24 - o**5/15 - 7*o**4/24 + 13*o**3/3 + 2*o**2 + 24*o. What are the prime factors of h(5)?
2, 3, 43
Suppose 36 + 20 = 4*o. Suppose v + 12*c - 9*c = o, 5*c = 10. Suppose -4*i = -v, 3*i + 10 = 5*a - 479. What are the prime factors of a?
3, 11
Let o = -46 - -64. Let p = o - 16. Suppose 5*z = 3*q + p*q - 400, z = -5*q + 394. What are the prime factors of q?
79
Let l(u) = u**3 - 14*u**2 + 64*u + 6. Suppose 81 = 5*c - 0*c - 3*b, 25 = c - 5*b. What are the prime factors of l(c)?
3, 397
List the prime factors of 134451/15 + -1 + (-6)/15.
2, 4481
Suppose 5*n + 2*b + 3*b - 885 = 0, 531 = 3*n - 5*b. Let y = n + -94. Suppose 0 = -8*l + y + 837. What are the prime factors of l?
5, 23
Let l be (-22590)/(-48) - 18/(-48). Let t = 305 + l. What are the prime factors of t?
2, 97
Let a = 1337 - -7772. What are the prime factors of a?
9109
Suppose 2210296 = 26*i + 23*i + 39*i. List the prime factors of i.
25117
List the prime factors of (1/(-1) - -1 - 0) + (9497 - -2).
7, 23, 59
Let n(w) = -237*w + 226*w + 506*w - 8 + 645*w. What are the prime factors of n(1)?
2, 283
Let i(l) = 39*l**2 + 25*l + 22. Let k(j) = -39*j**2 - 26*j - 21. Let c(u) = 6*i(u) + 5*k(u). What are the prime factors of c(-6)?
3, 19, 23
Let o = 14 + -28. Let z be (-30)/o - 4/28. Suppose z*s = 3*s - 134. List the prime factors of s.
2, 67
Let i be (-6)/15 + 2/5. Suppose 3*u - 5 = 2*u, 2*j + 5*u - 27 = i. List the prime factors of -13 - -12 - (-98)/j.
97
Let v be -2*(3437/14)/1. Let g = 239 - v. What are the prime factors of g?
2, 5, 73
Suppose -4*o = 3*k - 53, -6*o + 4*o = -4*k + 100. Suppose -k*c = -28*c + 700. Suppose -6*y + c = -616. What are the prime factors of y?
2, 3, 7
Let f = -224 - -675. Let h = f + -255. Suppose 7*m - h = 3*m. What are the prime factors of m?
7
Let y(d) = 2*d**3 - 2*d**2 - 7*d. Let b be y(3). Suppose 28 = -4*u + 4*h, -2*h + b - 7 = 0. What are the prime factors of 20 - (-4 - u)/(-1)?
19
Let y(i) = -i**2 - 11*i + 70. Let k be y(-14). Suppose 0 = k*a - 34*a + 7896. What are the prime factors of a?
2, 7, 47
Let u(j) = -11*j**3 + 3*j**2 + 8*j + 7. Let l be 27/(-12) + 8/32. List the prime factors of u(l).
7, 13
Let o = 4449 - 2951. What are the prime factors of o?
2, 7, 107
Suppose 2*k = 4*m - 21492, -3*m - 2*k - 480 + 16606 = 0. List the prime factors of m.
2, 2687
Suppose -282 = 2*d - 998. Let r = 645 - d. Suppose r + 28 = 5*t. What are the prime factors of t?
3, 7
Suppose -2*z + z + 2*f = 5, 3*z + 4*f - 25 = 0. Suppose z*x - x + 572 = 0. Let p = x - -543. What are the prime factors of p?
257
Suppose 103*f - 1796408 - 360515 = 0. List the prime factors of f.
43, 487
Let n be ((-2)/(-2))/(8/(-928)). Let p = -119 - n. Let c(x) = -5*x - 13. List the prime factors of c(p).
2
Let z = 209 - 211. Let g(n) = -44*n**3 + 3*n**2 + 6*n + 4. List the prime factors of g(z).
2, 89
Let o = 50 + -29. Suppose -5*r - 3*m = -o + 1, 0 = 3*r - 4*m - 12. Suppose -2*x = -r*q - 70, q - 100 = -4*x - q. List the prime factors of x.
3
Let v(s) = 26*s + 160. Let t(l) = 8*l**2 - 8*l - 2. Let x be t(2). List the prime factors of v(x).
2, 131
Let b = 7237 + -2755. List the prime factors of b.
2, 3, 83
Let j(w) = 8*w + 188. Let g be j(-22). Suppose g*p = 33*p - 35721. What are the prime factors of p?
3, 7
Let u(j) = -23*j + 85. Let t be u(32). Let g = -65 - t. What are the prime factors of g?
2, 293
Let o = -21165 - -23846. What are the prime factors of o?
7, 383
Suppose 0 = -6*t + 14 + 28. Suppose 3*r = -t - 17. List the prime factors of 96*(-5)/(-4)*r/(-20).
2, 3
List the prime factors of (-4)/(-8) + 6*13555/20.
7, 83
Let z be ((-6)/(-4))/((-9)/(-24)). Suppose 0 = z*m + 4*k - 124 - 284, -5*m - 3*k = -510. What are the prime factors of m?
2, 3, 17
Suppose -11*w - 16 = -7*w, 2*j - 15318 = 4*w. What are the prime factors of j?
7, 1093
Suppose -22*o - 3*p = -27*o - 1472, 2*o = -2*p - 592. What are the prime factors of 9/3 + -2 - (o - 1)?
3, 11
Let m = -17069 + 34289. What are the prime factors of m?
2, 3, 5, 7, 41
Suppose -2*k + 5 + 3 = 0. Suppose -24 = -k*f + 944. What are the prime factors of f?
2, 11
Let n be -4 + 54*(-1)/(-2). Suppose -p = 19 - n. Suppose 0 = 2*u - p*u + 186. List the prime factors of u.
3, 31
Let w(k) = -k**2 + 9*k - 4. Let x be 5 + (1 - -8)/3. Let r be w(x). Suppose -t = 3*g + g - 83, 5*g + 248 = r*t. What are the prime factors of t?
67
Let x(g) = -100*g + 6. Suppose -48 = d - 50. Suppose -10*t - d = -8*t. List the prime factors of x(t).
2, 53
Suppose -2*z = -14*z + 36. Suppose 80 = 4*k - 5*v, 0 = -z*k + v + 38 + 22. Let c(u) = u + 71. What are the prime factors of c(k)?
7, 13
Suppose -1021*l + 52108 = -1014*l. What are the prime factors of l?
2, 1861
Let w = -9992 + 17457. List the prime factors of w.
5, 1493
Suppose -554 = 5*i + 1806. Let m = 108 + -98. What are the prime factors of (i/m)/((72/(-20))/9)?
2, 59
Suppose -p - 1 = -2*k, 5*p - 6*k = -4*k - 37. What are the prime factors of (53 + -28)*((-1 - p) + -1)?
5, 7
Let n be -3 - (-19 + -2 + 6). What are the prime factors of 942/12*n/2?
3, 157
Let i = 51 + -51. Suppose i = -x - 4*n - 7, 6 = -2*x - 0*x - 4*n. List the prime factors of 1026/27 - (2 + x).
5, 7
Let q(p) = 2*p**3 + 20*p**2 - 3*p - 18. Let z be q(-10). Suppose -3*m = -u - 8, -29 - 7 = -4*m - 5*u. Let g = z - m. What are the prime factors of g?
2
Let r(z) = 129*z - 85. Let n(j) = -4. Let o(t) = -5*n(t) + r(t). List the prime factors of o(16).
1999
Suppose 9*w + 44 = 89. Suppose 0 = w*m - 396 - 2244. List the prime factors of m.
2, 3, 11
Let d(b) = 3*b**3 + 86*b**2 + 44*b - 28. What are the prime factors of d(-20)?
2, 3, 7, 113
Suppose -32*q + 2790050 = -31*q + 49*q. List the prime factors of q.
41, 1361
Suppose 0 = -6*l + 31*l - 1600. Let h = 811 - l. List the prime factors of h.
3, 83
Let u(n) = -21*n + 194. Let o be u(7). Let g = 152 + o. List the prime factors of g.
199
List the prime factors of (1563/(-2) + 3)*(-530)/15.
3, 53, 173
Suppose -a + 7*a = 144. Let y(u) = 10*u**2 - a + u - 7*u**2 + 19*u. List the prime factors of y(-10).
2, 19
Let i(o) = 4*o**